ions digit of 1258336584?
8
What is the hundreds digit of 3331755?
7
What is the tens digit of 423032832?
3
What is the ten thousands digit of 1357911168?
1
What is the tens digit of 446042113?
1
What is the hundred millions digit of 1770091867?
7
What is the tens digit of 244311898?
9
What is the ten millions digit of 304026220?
0
What is the millions digit of 342929740?
2
What is the hundred thousands digit of 10458556?
4
What is the hundreds digit of 628733719?
7
What is the millions digit of 15665527?
5
What is the billions digit of 1354340616?
1
What is the ten millions digit of 1596625442?
9
What is the tens digit of 1302809560?
6
What is the ten thousands digit of 58227477?
2
What is the ten thousands digit of 508945880?
4
What is the hundred thousands digit of 1589982076?
9
What is the units digit of 1732102911?
1
What is the tens digit of 588167330?
3
What is the tens digit of 37913446?
4
What is the hundred millions digit of 1661639452?
6
What is the ten millions digit of 123678703?
2
What is the tens digit of 1645987151?
5
What is the ten millions digit of 2766584346?
6
What is the ten thousands digit of 142033861?
3
What is the ten millions digit of 52777503?
5
What is the tens digit of 5286742356?
5
What is the hundred millions digit of 433978110?
4
What is the ten thousands digit of 3802408028?
0
What is the ten millions digit of 35515268?
3
What is the tens digit of 202989809?
0
What is the billions digit of 2250621406?
2
What is the hundred millions digit of 628136898?
6
What is the thousands digit of 292489785?
9
What is the units digit of 126243267?
7
What is the tens digit of 160755774?
7
What is the tens digit of 8059746?
4
What is the ten thousands digit of 76192806?
9
What is the ten thousands digit of 167149678?
4
What is the ten thousands digit of 1038016689?
1
What is the millions digit of 1023418597?
3
What is the millions digit of 1539361599?
9
What is the tens digit of 741925786?
8
What is the hundred millions digit of 2937302501?
9
What is the millions digit of 45349736?
5
What is the hundred thousands digit of 20951237?
9
What is the hundred thousands digit of 115504240?
5
What is the millions digit of 43605730?
3
What is the ten thousands digit of 171525387?
2
What is the millions digit of 81765403?
1
What is the units digit of 829447?
7
What is the millions digit of 373286238?
3
What is the hundreds digit of 27921663?
6
What is the ten millions digit of 24021645?
2
What is the hundred millions digit of 101252003?
1
What is the ten millions digit of 492123594?
9
What is the hundred thousands digit of 64005305?
0
What is the ten thousands digit of 110566969?
6
What is the tens digit of 483191545?
4
What is the ten millions digit of 264983089?
6
What is the ten millions digit of 487259958?
8
What is the ten millions digit of 264395424?
6
What is the hundred thousands digit of 41880101?
8
What is the thousands digit of 14111123?
1
What is the ten thousands digit of 1351712727?
1
What is the thousands digit of 666019468?
9
What is the hundred thousands digit of 308416789?
4
What is the millions digit of 938627587?
8
What is the thousands digit of 58556525?
6
What is the ten millions digit of 477621617?
7
What is the millions digit of 4483336123?
3
What is the tens digit of 276528273?
7
What is the billions digit of 1101020940?
1
What is the billions digit of 3144094012?
3
What is the ten millions digit of 1636215961?
3
What is the tens digit of 1343195197?
9
What is the ten thousands digit of 115767975?
6
What is the ten thousands digit of 3876767610?
6
What is the hundreds digit of 184546678?
6
What is the hundred millions digit of 5377186892?
3
What is the ten millions digit of 1261412960?
6
What is the ten thousands digit of 372363189?
6
What is the millions digit of 2791155241?
1
What is the tens digit of 4352378460?
6
What is the millions digit of 41674262?
1
What is the ten thousands digit of 5676868856?
6
What is the hundreds digit of 9337869?
8
What is the tens digit of 9146871?
7
What is the hundred thousands digit of 532743432?
7
What is the ten thousands digit of 23904416?
0
What is the hundred millions digit of 452531626?
4
What is the ten thousands digit of 26732210?
3
What is the units digit of 401053371?
1
What is the millions digit of 128652119?
8
What is the ten thousands digit of 570742043?
4
What is the billions digit of 1467987802?
1
What is the thousands digit of 12171933?
1
What is the hundreds digit of 19342820?
8
What is the hundred millions digit of 179615770?
1
What is the thousands digit of 57141640?
1
What is the hundreds digit of 48200672?
6
What is the millions digit of 364704380?
4
What is the ten millions digit of 472243473?
7
What is the millions digit of 94359060?
4
What is the hundred thousands digit of 840096854?
0
What is the ten millions digit of 62317179?
6
What is the tens digit of 296352188?
8
What is the ten thousands digit of 71799607?
9
What is the thousands digit of 292432329?
2
What is the hundred thousands digit of 5152520?
1
What is the hundred millions digit of 3714626095?
7
What is the tens digit of 79324331?
3
What is the hundred millions digit of 562906505?
5
What is the ten thousands digit of 83158774?
5
What is the ten millions digit of 2102544311?
0
What is the hundreds digit of 71583348?
3
What is the tens digit of 3718975?
7
What is the hundreds digit of 49696003?
0
What is the millions digit of 118607161?
8
What is the thousands digit of 91232081?
2
What is the millions digit of 3377161139?
7
What is the ten thousands digit of 4660547707?
4
What is the hundred thousands digit of 1137423234?
4
What is the thousands digit of 315824390?
4
What is the tens digit of 13101040?
4
What is the tens digit of 22112872?
7
What is the units digit of 69560003?
3
What is the thousands digit of 80493112?
3
What is the hundreds digit of 223703240?
2
What is the hundreds digit of 15191404?
4
What is the hundred thousands digit of 313934159?
9
What is the millions digit of 26780040?
6
What is the hundred millions digit of 481449191?
4
What is the units digit of 13145548?
8
What is the hundred thousands digit of 529280296?
2
What is the ten millions digit of 61198317?
6
What is the units digit of 50394388?
8
What is the units digit of 22946543?
3
What is the hundred thousands digit of 705481852?
4
What is the units digit of 158682405?
5
What is the tens digit of 4929371364?
6
What is the ten thousands digit of 2709207415?
0
What is the hundred millions digit of 3211388428?
2
What is the thousands digit of 2895753492?
3
What is the ten thousands digit of 54830479?
3
What is the tens digit of 559198123?
2
What is the hundred millions digit of 3023888867?
0
What is the thousands digit of 318262169?
2
What is the units digit of 15744353?
3
What is the units digit of 11446247?
7
What is the units digit of 1352389163?
3
What is the units digit of 40416379?
9
What is the millions digit of 853276665?
3
What is the hundred thousands digit of 26309766?
3
What is the units digit of 1118874436?
6
What is the tens digit of 6177293363?
6
What is the thousands digit of 9676322?
6
What is the hundred millions digit of 349250768?
3
What is the tens digit of 711228913?
1
What is the hundred millions digit of 537893104?
5
What is the billions digit of 1625151429?
1
What is the hundred thousands digit of 1142521675?
5
What is the millions digit of 92632385?
2
What is the thousands digit of 251488213?
8
What is the hundreds digit of 309892883?
8
What is the ten thousands digit of 261985780?
8
What is the tens digit of 42756227?
2
What is the hundred millions digit of 978324633?
9
What is the hundred millions digit of 576725716?
5
What is the ten millions digit of 566510550?
6
What is the hundred millions digit of 549816318?
5
What is the tens digit of 1593959165?
6
What is the hundreds digit of 1043247739?
7
What is the ten thousands digit of 13137423?
3
What is the tens digit of 59870927?
2
What is the billions digit of 4974124885?
4
What is the thousands digit of 157966277?
6
What is the ten thousands digit of 16065962?
6
What is the thousands digit of 181067186?
7
What is the thousands digit of 1173429020?
9
What is the ten millions digit of 16674112?
1
What is the hundred thousands digit of 